{"id":1217,"date":"2020-02-09T18:08:36","date_gmt":"2020-02-09T18:08:36","guid":{"rendered":"http:\/\/ordo.lt\/?page_id=1217"},"modified":"2020-02-09T18:56:47","modified_gmt":"2020-02-09T18:56:47","slug":"zibintai","status":"publish","type":"page","link":"https:\/\/ordo.lt\/index.php\/zibintai-ir-kita-el-iranga\/zibintai\/","title":{"rendered":"\u017dibintai"},"content":{"rendered":"\t\t<div data-elementor-type=\"wp-page\" data-elementor-id=\"1217\" class=\"elementor elementor-1217\">\n\t\t\t\t\t\t<section class=\"elementor-section elementor-top-section elementor-element elementor-element-5fbc7c7 elementor-section-boxed elementor-section-height-default elementor-section-height-default\" data-id=\"5fbc7c7\" data-element_type=\"section\" data-e-type=\"section\" data-settings=\"{&quot;background_background&quot;:&quot;classic&quot;}\">\n\t\t\t\t\t\t<div class=\"elementor-container elementor-column-gap-default\">\n\t\t\t\t\t<div class=\"elementor-column elementor-col-100 elementor-top-column elementor-element elementor-element-d554d34\" data-id=\"d554d34\" data-element_type=\"column\" data-e-type=\"column\">\n\t\t\t<div class=\"elementor-widget-wrap elementor-element-populated\">\n\t\t\t\t\t\t<div class=\"elementor-element elementor-element-dda650a elementor-widget elementor-widget-heading\" data-id=\"dda650a\" data-element_type=\"widget\" data-e-type=\"widget\" data-widget_type=\"heading.default\">\n\t\t\t\t<div class=\"elementor-widget-container\">\n\t\t\t\t\t<h2 class=\"elementor-heading-title elementor-size-default\">\u017dibintai<\/h2>\t\t\t\t<\/div>\n\t\t\t\t<\/div>\n\t\t\t\t\t<\/div>\n\t\t<\/div>\n\t\t\t\t\t<\/div>\n\t\t<\/section>\n\t\t\t\t<section class=\"elementor-section elementor-top-section elementor-element elementor-element-47b8792 elementor-section-boxed elementor-section-height-default elementor-section-height-default\" data-id=\"47b8792\" data-element_type=\"section\" data-e-type=\"section\">\n\t\t\t\t\t\t<div class=\"elementor-container elementor-column-gap-default\">\n\t\t\t\t\t<div class=\"elementor-column elementor-col-50 elementor-top-column elementor-element elementor-element-0271e2b\" data-id=\"0271e2b\" data-element_type=\"column\" data-e-type=\"column\">\n\t\t\t<div class=\"elementor-widget-wrap elementor-element-populated\">\n\t\t\t\t\t\t<div class=\"elementor-element elementor-element-200dbe7 elementor-widget elementor-widget-text-editor\" data-id=\"200dbe7\" data-element_type=\"widget\" data-e-type=\"widget\" data-widget_type=\"text-editor.default\">\n\t\t\t\t<div class=\"elementor-widget-container\">\n\t\t\t\t\t\t\t\t\t<table style=\"width: 99.4815%;\" width=\"128\"><tbody><tr><td style=\"width: 79.4509%; text-align: center;\" width=\"64\">Pavadinimas<\/td><td style=\"width: 87.6985%; text-align: center;\" width=\"64\">Pakuot\u0117je<\/td><\/tr><tr><td style=\"width: 79.4509%;\">\u017dibintas galinis \u0424\u0413-304\u041c.00.00.00 M<\/td><td style=\"width: 87.6985%; text-align: center;\">12<\/td><\/tr><tr><td style=\"width: 79.4509%;\">\u017dibintas priekinis \u0424\u0413-305\u041c.00.00.00 M<\/td><td style=\"width: 87.6985%; text-align: center;\">12<\/td><\/tr><tr><td style=\"width: 79.4509%;\">\u017dibintas galinis \u0424\u0413-304\u041f.00.00.00 P<\/td><td style=\"width: 87.6985%; text-align: center;\">12<\/td><\/tr><tr><td style=\"width: 79.4509%;\">\u017dibintas\u00a0 \u0424\u041f\u0413-100.00.00.00 P<\/td><td style=\"width: 87.6985%; text-align: center;\">10<\/td><\/tr><tr><td style=\"width: 79.4509%;\">\u017dibintas\u00a0 \u0424\u041f\u0413-101.00.00.00 M<\/td><td style=\"width: 87.6985%; text-align: center;\">10<\/td><\/tr><tr><td style=\"width: 79.4509%;\">\u017dibintas prie\u0161r\u016bkinis \u0424\u041f\u0413-110.00.00P<\/td><td style=\"width: 87.6985%; text-align: center;\">1<\/td><\/tr><tr><td style=\"width: 79.4509%;\">\u017dibintas darbinis \u0424\u041f\u0413-115.00.00.00 P<\/td><td style=\"width: 87.6985%; text-align: center;\">1<\/td><\/tr><tr><td style=\"width: 79.4509%;\">\u017dibintas galinis \u0424\u041f-209.00.00 M<\/td><td style=\"width: 87.6985%; text-align: center;\">42<\/td><\/tr><tr><td style=\"width: 79.4509%;\">\u017dibintas priekinis \u0424\u041f-204.00.00 M<\/td><td style=\"width: 87.6985%; text-align: center;\">42<\/td><\/tr><tr><td style=\"width: 79.4509%;\">\u017dibintas galinis \u0424-401.00.00 P<\/td><td style=\"width: 87.6985%; text-align: center;\">25<\/td><\/tr><tr><td style=\"width: 79.4509%;\">\u017dibintas priekinis \u0424-402.00.00 P<\/td><td style=\"width: 87.6985%; text-align: center;\">25<\/td><\/tr><tr><td style=\"width: 79.4509%;\">\u017dibintas numerio ap\u0161vietimo \u0424-131.00.00.00<\/td><td style=\"width: 87.6985%; text-align: center;\">1<\/td><\/tr><tr><td style=\"width: 79.4509%;\">\u017dibintas gabarit\u0173 \u0161oninis \u041f\u041f-100<\/td><td style=\"width: 87.6985%; text-align: center;\">20<\/td><\/tr><tr><td style=\"width: 79.4509%;\">\u017dibintas pos\u016bkio \u0423\u041f-101-01<\/td><td style=\"width: 87.6985%; text-align: center;\">20<\/td><\/tr><tr><td style=\"width: 79.4509%;\">At\u0161vaitas trikampis \u0424\u041f-401-3.04.31.010<\/td><td style=\"width: 87.6985%; text-align: center;\">5<\/td><\/tr><tr><td style=\"width: 79.4509%;\">At\u0161vaitas \u041a\u04141-1\u0410 bespalvis<\/td><td style=\"width: 87.6985%; text-align: center;\">10<\/td><\/tr><tr><td style=\"width: 79.4509%;\">At\u0161vaitas \u041a\u04141-2\u0410 raudonas<\/td><td style=\"width: 87.6985%; text-align: center;\">10<\/td><\/tr><tr><td style=\"width: 79.4509%;\">At\u0161vaitas \u041a\u04141-3\u0410 oran\u017einis<\/td><td style=\"width: 87.6985%; text-align: center;\">10<\/td><\/tr><tr><td style=\"width: 79.4509%;\">At\u0161vaitas \u0424\u041f-310-3.04.31.010 M raudonas<\/td><td style=\"width: 87.6985%; text-align: center;\">10<\/td><\/tr><tr><td style=\"width: 79.4509%;\">At\u0161vaitas \u0424\u041f-311-3.04.31.010 M oran\u017einis<\/td><td style=\"width: 87.6985%; text-align: center;\">10<\/td><\/tr><tr><td style=\"width: 79.4509%;\">At\u0161vaitas \u0424\u041f-312-3.04.31.010 M bespalvis<\/td><td style=\"width: 87.6985%; text-align: center;\">10<\/td><\/tr><tr><td style=\"width: 79.4509%;\">Trikampis avarinis \u0417\u0410\u041e-1\u0410<\/td><td style=\"width: 87.6985%; text-align: center;\">1<\/td><\/tr><tr><td style=\"width: 79.4509%;\">Stiklas \u017eibinto \u0424\u0413-305 S<\/td><td style=\"width: 87.6985%; text-align: center;\">5<\/td><\/tr><tr><td style=\"width: 79.4509%;\">Stiklas \u017eibinto priekinio \u0424\u041f-204.00.00 P<\/td><td style=\"width: 87.6985%; text-align: center;\">20<\/td><\/tr><tr><td style=\"width: 79.4509%;\">Stiklas \u017eibinto galinio \u0424\u041f-209.00.00 P<\/td><td style=\"width: 87.6985%; text-align: center;\">20<\/td><\/tr><tr><td style=\"width: 79.4509%;\">Stiklas \u017eibinto \u0424-403.01.00 P<\/td><td style=\"width: 87.6985%; text-align: center;\">5<\/td><\/tr><tr><td style=\"width: 79.4509%;\">Stiklas \u017eibinto \u0424-403.05.00 P<\/td><td style=\"width: 87.6985%; text-align: center;\">5<\/td><\/tr><tr><td style=\"width: 79.4509%;\">Stiklas \u017eibinto \u0424-130.02.00 P<\/td><td style=\"width: 87.6985%; text-align: center;\">5<\/td><\/tr><tr><td style=\"width: 79.4509%;\">Stiklas \u017eibinto \u0424\u0413-308.03.00.04 S<\/td><td style=\"width: 87.6985%; text-align: center;\">5<\/td><\/tr><\/tbody><\/table>\t\t\t\t\t\t\t\t<\/div>\n\t\t\t\t<\/div>\n\t\t\t\t\t<\/div>\n\t\t<\/div>\n\t\t\t\t<div class=\"elementor-column elementor-col-50 elementor-top-column elementor-element elementor-element-4bff26d\" data-id=\"4bff26d\" data-element_type=\"column\" data-e-type=\"column\">\n\t\t\t<div class=\"elementor-widget-wrap\">\n\t\t\t\t\t\t\t<\/div>\n\t\t<\/div>\n\t\t\t\t\t<\/div>\n\t\t<\/section>\n\t\t\t\t<\/div>\n\t\t","protected":false},"excerpt":{"rendered":"<p>\u017dibintai Pavadinimas Pakuot\u0117je \u017dibintas galinis \u0424\u0413-304\u041c.00.00.00 M 12 \u017dibintas priekinis \u0424\u0413-305\u041c.00.00.00 M 12 \u017dibintas galinis \u0424\u0413-304\u041f.00.00.00 P 12 \u017dibintas\u00a0 \u0424\u041f\u0413-100.00.00.00 P 10 \u017dibintas\u00a0 \u0424\u041f\u0413-101.00.00.00 M 10 \u017dibintas prie\u0161r\u016bkinis \u0424\u041f\u0413-110.00.00P 1 \u017dibintas darbinis \u0424\u041f\u0413-115.00.00.00 P 1 \u017dibintas galinis \u0424\u041f-209.00.00 M 42 \u017dibintas priekinis \u0424\u041f-204.00.00 M 42 \u017dibintas galinis \u0424-401.00.00 P 25 \u017dibintas priekinis \u0424-402.00.00 P 25 &#8230; <a title=\"\u017dibintai\" class=\"read-more\" href=\"https:\/\/ordo.lt\/index.php\/zibintai-ir-kita-el-iranga\/zibintai\/\" aria-label=\"Read more about \u017dibintai\">Read more<\/a><\/p>\n","protected":false},"author":1,"featured_media":990,"parent":988,"menu_order":0,"comment_status":"closed","ping_status":"closed","template":"","meta":{"footnotes":""},"class_list":["post-1217","page","type-page","status-publish","has-post-thumbnail"],"yoast_head":"<!-- This site is optimized with the Yoast SEO Premium plugin v27.1 (Yoast SEO v27.1.1) - https:\/\/yoast.com\/product\/yoast-seo-premium-wordpress\/ -->\n<title>\u017dibintai - UAB Ordo<\/title>\n<meta name=\"robots\" content=\"index, follow, max-snippet:-1, max-image-preview:large, max-video-preview:-1\" \/>\n<link rel=\"canonical\" href=\"https:\/\/ordo.lt\/index.php\/zibintai-ir-kita-el-iranga\/zibintai\/\" \/>\n<meta property=\"og:locale\" content=\"lt_LT\" \/>\n<meta property=\"og:type\" content=\"article\" \/>\n<meta property=\"og:title\" content=\"\u017dibintai\" \/>\n<meta property=\"og:description\" content=\"\u017dibintai Pavadinimas Pakuot\u0117je \u017dibintas galinis \u0424\u0413-304\u041c.00.00.00 M 12 \u017dibintas priekinis \u0424\u0413-305\u041c.00.00.00 M 12 \u017dibintas galinis \u0424\u0413-304\u041f.00.00.00 P 12 \u017dibintas\u00a0 \u0424\u041f\u0413-100.00.00.00 P 10 \u017dibintas\u00a0 \u0424\u041f\u0413-101.00.00.00 M 10 \u017dibintas prie\u0161r\u016bkinis \u0424\u041f\u0413-110.00.00P 1 \u017dibintas darbinis \u0424\u041f\u0413-115.00.00.00 P 1 \u017dibintas galinis \u0424\u041f-209.00.00 M 42 \u017dibintas priekinis \u0424\u041f-204.00.00 M 42 \u017dibintas galinis \u0424-401.00.00 P 25 \u017dibintas priekinis \u0424-402.00.00 P 25 ... Read more\" \/>\n<meta property=\"og:url\" content=\"https:\/\/ordo.lt\/index.php\/zibintai-ir-kita-el-iranga\/zibintai\/\" \/>\n<meta property=\"og:site_name\" content=\"UAB Ordo\" \/>\n<meta property=\"article:modified_time\" content=\"2020-02-09T18:56:47+00:00\" \/>\n<meta property=\"og:image\" content=\"https:\/\/ordo.lt\/wp-content\/uploads\/2019\/12\/z200-1.jpg\" \/>\n\t<meta property=\"og:image:width\" content=\"1920\" \/>\n\t<meta property=\"og:image:height\" content=\"450\" \/>\n\t<meta property=\"og:image:type\" content=\"image\/jpeg\" \/>\n<meta name=\"twitter:card\" content=\"summary_large_image\" \/>\n<meta name=\"twitter:label1\" content=\"Est. reading time\" \/>\n\t<meta name=\"twitter:data1\" content=\"1 minut\u0117\" \/>\n<script type=\"application\/ld+json\" class=\"yoast-schema-graph\">{\"@context\":\"https:\/\/schema.org\",\"@graph\":[{\"@type\":\"WebPage\",\"@id\":\"https:\/\/ordo.lt\/index.php\/zibintai-ir-kita-el-iranga\/zibintai\/\",\"url\":\"https:\/\/ordo.lt\/index.php\/zibintai-ir-kita-el-iranga\/zibintai\/\",\"name\":\"\u017dibintai - UAB Ordo\",\"isPartOf\":{\"@id\":\"https:\/\/ordo.lt\/#website\"},\"primaryImageOfPage\":{\"@id\":\"https:\/\/ordo.lt\/index.php\/zibintai-ir-kita-el-iranga\/zibintai\/#primaryimage\"},\"image\":{\"@id\":\"https:\/\/ordo.lt\/index.php\/zibintai-ir-kita-el-iranga\/zibintai\/#primaryimage\"},\"thumbnailUrl\":\"https:\/\/ordo.lt\/wp-content\/uploads\/2019\/12\/z200-1.jpg\",\"datePublished\":\"2020-02-09T18:08:36+00:00\",\"dateModified\":\"2020-02-09T18:56:47+00:00\",\"breadcrumb\":{\"@id\":\"https:\/\/ordo.lt\/index.php\/zibintai-ir-kita-el-iranga\/zibintai\/#breadcrumb\"},\"inLanguage\":\"lt-LT\",\"potentialAction\":[{\"@type\":\"ReadAction\",\"target\":[\"https:\/\/ordo.lt\/index.php\/zibintai-ir-kita-el-iranga\/zibintai\/\"]}]},{\"@type\":\"ImageObject\",\"inLanguage\":\"lt-LT\",\"@id\":\"https:\/\/ordo.lt\/index.php\/zibintai-ir-kita-el-iranga\/zibintai\/#primaryimage\",\"url\":\"https:\/\/ordo.lt\/wp-content\/uploads\/2019\/12\/z200-1.jpg\",\"contentUrl\":\"https:\/\/ordo.lt\/wp-content\/uploads\/2019\/12\/z200-1.jpg\",\"width\":1920,\"height\":450},{\"@type\":\"BreadcrumbList\",\"@id\":\"https:\/\/ordo.lt\/index.php\/zibintai-ir-kita-el-iranga\/zibintai\/#breadcrumb\",\"itemListElement\":[{\"@type\":\"ListItem\",\"position\":1,\"name\":\"Home\",\"item\":\"https:\/\/ordo.lt\/\"},{\"@type\":\"ListItem\",\"position\":2,\"name\":\"\u017dibintai ir kita el. \u012franga\",\"item\":\"https:\/\/ordo.lt\/index.php\/zibintai-ir-kita-el-iranga\/\"},{\"@type\":\"ListItem\",\"position\":3,\"name\":\"\u017dibintai\"}]},{\"@type\":\"WebSite\",\"@id\":\"https:\/\/ordo.lt\/#website\",\"url\":\"https:\/\/ordo.lt\/\",\"name\":\"UAB Ordo\",\"description\":\"\",\"publisher\":{\"@id\":\"https:\/\/ordo.lt\/#organization\"},\"potentialAction\":[{\"@type\":\"SearchAction\",\"target\":{\"@type\":\"EntryPoint\",\"urlTemplate\":\"https:\/\/ordo.lt\/?s={search_term_string}\"},\"query-input\":{\"@type\":\"PropertyValueSpecification\",\"valueRequired\":true,\"valueName\":\"search_term_string\"}}],\"inLanguage\":\"lt-LT\"},{\"@type\":\"Organization\",\"@id\":\"https:\/\/ordo.lt\/#organization\",\"name\":\"UAB Ordo\",\"url\":\"https:\/\/ordo.lt\/\",\"logo\":{\"@type\":\"ImageObject\",\"inLanguage\":\"lt-LT\",\"@id\":\"https:\/\/ordo.lt\/#\/schema\/logo\/image\/\",\"url\":\"https:\/\/ordo.lt\/wp-content\/uploads\/2019\/09\/ordo-logo-small.png\",\"contentUrl\":\"https:\/\/ordo.lt\/wp-content\/uploads\/2019\/09\/ordo-logo-small.png\",\"width\":200,\"height\":104,\"caption\":\"UAB Ordo\"},\"image\":{\"@id\":\"https:\/\/ordo.lt\/#\/schema\/logo\/image\/\"}}]}<\/script>\n<!-- \/ Yoast SEO Premium plugin. -->","yoast_head_json":{"title":"\u017dibintai - UAB Ordo","robots":{"index":"index","follow":"follow","max-snippet":"max-snippet:-1","max-image-preview":"max-image-preview:large","max-video-preview":"max-video-preview:-1"},"canonical":"https:\/\/ordo.lt\/index.php\/zibintai-ir-kita-el-iranga\/zibintai\/","og_locale":"lt_LT","og_type":"article","og_title":"\u017dibintai","og_description":"\u017dibintai Pavadinimas Pakuot\u0117je \u017dibintas galinis \u0424\u0413-304\u041c.00.00.00 M 12 \u017dibintas priekinis \u0424\u0413-305\u041c.00.00.00 M 12 \u017dibintas galinis \u0424\u0413-304\u041f.00.00.00 P 12 \u017dibintas\u00a0 \u0424\u041f\u0413-100.00.00.00 P 10 \u017dibintas\u00a0 \u0424\u041f\u0413-101.00.00.00 M 10 \u017dibintas prie\u0161r\u016bkinis \u0424\u041f\u0413-110.00.00P 1 \u017dibintas darbinis \u0424\u041f\u0413-115.00.00.00 P 1 \u017dibintas galinis \u0424\u041f-209.00.00 M 42 \u017dibintas priekinis \u0424\u041f-204.00.00 M 42 \u017dibintas galinis \u0424-401.00.00 P 25 \u017dibintas priekinis \u0424-402.00.00 P 25 ... Read more","og_url":"https:\/\/ordo.lt\/index.php\/zibintai-ir-kita-el-iranga\/zibintai\/","og_site_name":"UAB Ordo","article_modified_time":"2020-02-09T18:56:47+00:00","og_image":[{"width":1920,"height":450,"url":"https:\/\/ordo.lt\/wp-content\/uploads\/2019\/12\/z200-1.jpg","type":"image\/jpeg"}],"twitter_card":"summary_large_image","twitter_misc":{"Est. reading time":"1 minut\u0117"},"schema":{"@context":"https:\/\/schema.org","@graph":[{"@type":"WebPage","@id":"https:\/\/ordo.lt\/index.php\/zibintai-ir-kita-el-iranga\/zibintai\/","url":"https:\/\/ordo.lt\/index.php\/zibintai-ir-kita-el-iranga\/zibintai\/","name":"\u017dibintai - UAB Ordo","isPartOf":{"@id":"https:\/\/ordo.lt\/#website"},"primaryImageOfPage":{"@id":"https:\/\/ordo.lt\/index.php\/zibintai-ir-kita-el-iranga\/zibintai\/#primaryimage"},"image":{"@id":"https:\/\/ordo.lt\/index.php\/zibintai-ir-kita-el-iranga\/zibintai\/#primaryimage"},"thumbnailUrl":"https:\/\/ordo.lt\/wp-content\/uploads\/2019\/12\/z200-1.jpg","datePublished":"2020-02-09T18:08:36+00:00","dateModified":"2020-02-09T18:56:47+00:00","breadcrumb":{"@id":"https:\/\/ordo.lt\/index.php\/zibintai-ir-kita-el-iranga\/zibintai\/#breadcrumb"},"inLanguage":"lt-LT","potentialAction":[{"@type":"ReadAction","target":["https:\/\/ordo.lt\/index.php\/zibintai-ir-kita-el-iranga\/zibintai\/"]}]},{"@type":"ImageObject","inLanguage":"lt-LT","@id":"https:\/\/ordo.lt\/index.php\/zibintai-ir-kita-el-iranga\/zibintai\/#primaryimage","url":"https:\/\/ordo.lt\/wp-content\/uploads\/2019\/12\/z200-1.jpg","contentUrl":"https:\/\/ordo.lt\/wp-content\/uploads\/2019\/12\/z200-1.jpg","width":1920,"height":450},{"@type":"BreadcrumbList","@id":"https:\/\/ordo.lt\/index.php\/zibintai-ir-kita-el-iranga\/zibintai\/#breadcrumb","itemListElement":[{"@type":"ListItem","position":1,"name":"Home","item":"https:\/\/ordo.lt\/"},{"@type":"ListItem","position":2,"name":"\u017dibintai ir kita el. \u012franga","item":"https:\/\/ordo.lt\/index.php\/zibintai-ir-kita-el-iranga\/"},{"@type":"ListItem","position":3,"name":"\u017dibintai"}]},{"@type":"WebSite","@id":"https:\/\/ordo.lt\/#website","url":"https:\/\/ordo.lt\/","name":"UAB Ordo","description":"","publisher":{"@id":"https:\/\/ordo.lt\/#organization"},"potentialAction":[{"@type":"SearchAction","target":{"@type":"EntryPoint","urlTemplate":"https:\/\/ordo.lt\/?s={search_term_string}"},"query-input":{"@type":"PropertyValueSpecification","valueRequired":true,"valueName":"search_term_string"}}],"inLanguage":"lt-LT"},{"@type":"Organization","@id":"https:\/\/ordo.lt\/#organization","name":"UAB Ordo","url":"https:\/\/ordo.lt\/","logo":{"@type":"ImageObject","inLanguage":"lt-LT","@id":"https:\/\/ordo.lt\/#\/schema\/logo\/image\/","url":"https:\/\/ordo.lt\/wp-content\/uploads\/2019\/09\/ordo-logo-small.png","contentUrl":"https:\/\/ordo.lt\/wp-content\/uploads\/2019\/09\/ordo-logo-small.png","width":200,"height":104,"caption":"UAB Ordo"},"image":{"@id":"https:\/\/ordo.lt\/#\/schema\/logo\/image\/"}}]}},"_links":{"self":[{"href":"https:\/\/ordo.lt\/index.php\/wp-json\/wp\/v2\/pages\/1217","targetHints":{"allow":["GET"]}}],"collection":[{"href":"https:\/\/ordo.lt\/index.php\/wp-json\/wp\/v2\/pages"}],"about":[{"href":"https:\/\/ordo.lt\/index.php\/wp-json\/wp\/v2\/types\/page"}],"author":[{"embeddable":true,"href":"https:\/\/ordo.lt\/index.php\/wp-json\/wp\/v2\/users\/1"}],"replies":[{"embeddable":true,"href":"https:\/\/ordo.lt\/index.php\/wp-json\/wp\/v2\/comments?post=1217"}],"version-history":[{"count":5,"href":"https:\/\/ordo.lt\/index.php\/wp-json\/wp\/v2\/pages\/1217\/revisions"}],"predecessor-version":[{"id":1253,"href":"https:\/\/ordo.lt\/index.php\/wp-json\/wp\/v2\/pages\/1217\/revisions\/1253"}],"up":[{"embeddable":true,"href":"https:\/\/ordo.lt\/index.php\/wp-json\/wp\/v2\/pages\/988"}],"wp:featuredmedia":[{"embeddable":true,"href":"https:\/\/ordo.lt\/index.php\/wp-json\/wp\/v2\/media\/990"}],"wp:attachment":[{"href":"https:\/\/ordo.lt\/index.php\/wp-json\/wp\/v2\/media?parent=1217"}],"curies":[{"name":"wp","href":"https:\/\/api.w.org\/{rel}","templated":true}]}}